l + 1. Let x be y(5). Let b be h + -1*(7 + x). Calculate the greatest common divisor of b and 28.
7
Let k = 6802 - 6754. What is the highest common factor of 8196 and k?
12
Suppose 0 = -0*c - 3*c + 72. Let i be 381/8 + (-7 - 1062/(-144)). Calculate the greatest common divisor of c and i.
24
Let l be ((-1628)/(-3))/((-21)/((-252)/8)). Calculate the greatest common divisor of 74 and l.
74
Suppose -46 = 13*z + 32. Let a be (-17)/102 + (-37)/z. What is the highest common factor of a and 6?
6
Suppose 0 = -14*i - 8*i - 990. Let c be ((-7080)/i)/((-2)/(-3)). Calculate the highest common factor of c and 177.
59
Let n be ((-4)/(-6))/(2/18). Let g be 39/91 + 3/(-7). Suppose -5*u = -2*a + 305 + 42, 2*u - 10 = g. Calculate the greatest common factor of n and a.
6
Let t = 94 + -90. Suppose -4*b + 4*p + 44 - t = 0, 2*p = -b + 4. Calculate the highest common factor of b and 128.
8
Suppose 10551 = 27*c - 52575. What is the greatest common divisor of 2 and c?
2
Let u = -13235 - -13419. Calculate the greatest common factor of u and 4117.
23
Let c(b) = b**3 - 31*b**2 + 59*b - 849. Let n be c(30). Calculate the greatest common factor of 56 and n.
7
Suppose -16*b - 28 = -2*i - 15*b, 3*i + 10 = -5*b. What is the greatest common divisor of 25540 and i?
10
Let n be 1856/18 + (-3420)/3078. Suppose -199 = -5*z - 29. What is the highest common factor of z and n?
34
Suppose -12*m - 1167 + 1527 = 0. What is the greatest common factor of m and 2690?
10
Suppose -4*b + 3*b = -16. Let z be (3 - -7)/((-17)/(-8) - 2). Calculate the greatest common divisor of z and b.
16
Suppose 0 = -2*l + w - 0*w + 20044, 3*l - 30059 = 5*w. What is the greatest common divisor of 39 and l?
39
Let w(c) = -c**2 - 5*c + 44. Let t be w(-9). Suppose -t = -10*b + 102. Calculate the highest common divisor of b and 187.
11
Let f = -15238 - -15344. What is the greatest common divisor of f and 28090?
106
Suppose -134 = -b - 3*o + 73, -5*b = 2*o - 1048. Let k = 40 - 10. Calculate the highest common divisor of b and k.
30
Let m(u) = 71 + 77 + 9*u - 63. Let c be m(18). What is the highest common factor of c and 13?
13
Suppose -4*y = y + 3*s, 4*s = 0. Suppose y = -18*o + 13*o + 210. Let c = o - 28. Calculate the greatest common factor of 2 and c.
2
Let j(u) = 5*u - 2 + u + u**2 + 19 - 2. Let s be j(-8). Let n(v) = 36*v + 11. Let c be n(4). What is the greatest common divisor of s and c?
31
Suppose -3*h + 33 = q, 0*h - h + 11 = -2*q. Suppose 36 = h*g - 316. What is the greatest common divisor of g and 144?
16
Let q be (-2)/(-8) - 43/(-4). Suppose 96*u - 716 = 98*u. Let t = -357 - u. Calculate the highest common divisor of q and t.
1
Let i be (-1)/(-2 - (-12)/4) + 79. Calculate the highest common factor of i and 1794.
78
Suppose 77*g - 110*g = -18216. What is the highest common divisor of g and 2576?
184
Suppose -43529 + 13070 = -446*u + 38225. Let a(f) = 3*f**3 - f + 1. Let j be a(1). Let w be j/12 + (-174)/(-8). Calculate the highest common factor of w and u.
22
Let s be (-11)/(-77) - 1189/(-7). What is the highest common factor of s and 374?
34
Let i(x) = 310*x + 255. Let v be i(33). Calculate the highest common divisor of v and 15.
15
Let u(h) = -h**3 - 47*h**2 + 93*h + 148. Let y be u(-49). Suppose 0 = -2*s - 3*d + y, 4*s = -0*s + 3*d + 741. Calculate the highest common factor of s and 14.
7
Let s = 1610 - 905. Suppose 0 = n + 5, -8*q + 6*q + n + s = 0. Calculate the highest common divisor of q and 14.
14
Suppose 67*b - 4334 - 4226 = -1056. Calculate the greatest common factor of b and 994.
14
Suppose j + k = -2*k - 4, 4*j = -4*k. Suppose -g + 10 = -6*g, -2 = -j*w - 5*g. Suppose 13*d - w*d - 728 = 0. Calculate the highest common divisor of d and 13.
13
Let v = -8797 - -11075. Calculate the greatest common divisor of 34 and v.
34
Suppose 5*y - 2547 = -2*m, 82*y = -2*m + 87*y + 2557. Calculate the greatest common factor of m and 220.
44
Let q(s) = -7*s + 187. Let y(t) = 35*t - 933. Let z(n) = 11*q(n) + 2*y(n). Let h be z(21). Calculate the greatest common factor of 143 and h.
11
Suppose 221*z + 70389 = -208*z + 2109855. What is the highest common factor of z and 2?
2
Let m = 158 - 156. Let b be 5/(-1 - -26*m/48). What is the greatest common divisor of 15 and b?
15
Suppose 0 = -5*r - 3*u - 234 + 1074, -2*u - 168 = -r. Suppose 66*a - r = 62*a. Calculate the greatest common factor of 21 and a.
21
Suppose -121 + 69 = -o - 3*o. What is the highest common divisor of 10036 and o?
13
Let a be (14/(140/18))/((-9)/30). Let q be (-14 - a)*(-75)/(6/2). Calculate the highest common divisor of q and 120.
40
Suppose 15*t + 15*t = 23*t + 16121. What is the highest common divisor of t and 49?
49
Let g(h) = -h**2 + h - 30. Let l be g(8). Let t = l + 91. What is the highest common divisor of t and 25?
5
Suppose 73*v + 102*v = 70*v + 1573320. What is the greatest common divisor of v and 16?
8
Let r = 5360 - 2524. What is the highest common factor of 16 and r?
4
Let s = -3560 - -4088. What is the greatest common divisor of s and 3344?
176
Let n(r) = -r**2 + 1178*r - 54 - 2420*r + 1192*r. Let d be n(-46). Calculate the greatest common factor of d and 10.
10
Let j(u) = u**2 + 8*u - 7. Let n be j(-10). Let c = 47 - 30. Suppose -c + 30 = h. Calculate the greatest common factor of h and n.
13
Suppose 2*v = -53 + 173. Let o = -505 + 304. Let w = o - -211. What is the greatest common divisor of w and v?
10
Let z = 0 + 12. Suppose 0 = w - 4*n - 18, w + 0*n + 2*n = 12. Suppose 110 + 114 = w*i. Calculate the greatest common divisor of z and i.
4
Let r be -1 - 6 - (33392/(-40))/(12/30). What is the greatest common factor of 60 and r?
20
Let n be (-19)/(4389/14) + 214446/198. What is the greatest common divisor of n and 114?
57
Suppose 13791 = 4*h + 4*v - 61841, v - 94528 = -5*h. Calculate the highest common divisor of h and 19.
19
Let o be 42/4 - 3/(-6). Let i(c) = 7*c**3 + 31*c**2 - 103*c + 17. Let l be i(3). Calculate the greatest common factor of l and o.
11
Let g(s) = -s**2 - 56*s - 466. Let y be g(-39). What is the highest common factor of y and 788?
197
Let k = 37 + -23. Let m be -1*5/5*-1. Let i(f) = 29*f**3 + f**2 - 4*f + 2. Let u be i(m). Calculate the highest common factor of k and u.
14
Let f be (-17)/(-3)*4*(-15)/(-20). Let a(c) = 25*c - 125. Let h be a(f). Calculate the highest common factor of 400 and h.
100
Let m be (-30 - -24)*1/(-2). Let k(b) = 22*b. Let p be k(m). What is the greatest common factor of p and 297?
33
Let d be 3/(-27) - (7 + (-2196)/81). Let j(c) = 11*c + 179. Let v be j(d). What is the greatest common factor of 19 and v?
19
Let p be 4/6 - -145*24/180. What is the greatest common factor of p and 2335?
5
Suppose -151*g + 239330 + 100722 = 0. Calculate the highest common divisor of 12 and g.
4
Let b be (22 + 4897/(-295))*40/6. Let x(j) = 131*j + 1. Let r be x(1). What is the highest common divisor of r and b?
12
Let g = 143 + -69. Let x be (-325)/(-9) - (-7016)/7893. Calculate the highest common factor of x and g.
37
Let b be 315/(10/2 - 28/6). Calculate the highest common divisor of b and 15.
15
Let f(i) = 3*i**2 + 4*i - 17. Let v be f(-4). Let w = v + -9. Calculate the greatest common factor of w and 12.
6
Suppose 37*j + 1782 = 59*j. What is the greatest common divisor of 531 and j?
9
Suppose 2147 = -4*v + 47. Let x = v + 197. Let k be (x/(-16))/(2/4). What is the highest common factor of k and 123?
41
Let p(n) = n**3 + 4*n**2 - 10*n + 9. Let c be p(-5). Suppose -2246 = -6*f + 304. Suppose 26*s - 21*s = f. What is the greatest common divisor of c and s?
17
Let r = -71 + 73. Suppose -32 = -3*f - i, i + r*i = 4*f - 60. What is the highest common factor of 108 and f?
12
Let t be 6/18 + (-635)/15. Let l be (t/49)/((-3)/105). What is the greatest common divisor of l and 30?
30
Suppose -5*g + r + 103 = 0, -5*g + 2*r + 107 = 3*r. Suppose 17655 - 17795 = -10*a. What is the greatest common divisor of a and g?
7
Let j = -365 - -536. Let r be (-33)/2*((-1440)/(-264))/(-5). Calculate the highest common factor of j and r.
9
Let c be -2*2/((-16)/(-52)). Let l be -1*(c/1 + 5). Calculate the greatest common factor of 2 and l.
2
Let m = 120 + -116. Suppose -m*x + 736 = 4*x. What is the highest common divisor of x and 69?
23
Let q = 38 - 36. Suppose 4*k + 1 = -p, p = -4*k + q*k + 1. Suppose -2*i + h = -57, -3*i + p*h + 5